{"id":39,"date":"2026-02-10T10:40:48","date_gmt":"2026-02-10T15:40:48","guid":{"rendered":"https:\/\/ostamand.dectim.ca\/tp2\/piafs\/?page_id=39"},"modified":"2026-05-11T14:56:24","modified_gmt":"2026-05-11T18:56:24","slug":"portfolio","status":"publish","type":"page","link":"https:\/\/ostamand.dectim.ca\/tp2\/piafs\/portfolio\/","title":{"rendered":"Pr\u00e9sentation G\u00e9n\u00e9rale du Portfolio"},"content":{"rendered":"\n<div class=\"wp-block-cover alignfull\" style=\"min-height:80vh;aspect-ratio:unset;\"><img fetchpriority=\"high\" decoding=\"async\" width=\"1024\" height=\"576\" class=\"wp-block-cover__image-background wp-image-1733 size-large\" alt=\"\" src=\"https:\/\/ostamand.dectim.ca\/tp2\/piafs\/wp-content\/uploads\/2026\/05\/Hockey-1024x576.webp\" data-object-fit=\"cover\" srcset=\"https:\/\/ostamand.dectim.ca\/tp2\/piafs\/wp-content\/uploads\/2026\/05\/Hockey-1024x576.webp 1024w, https:\/\/ostamand.dectim.ca\/tp2\/piafs\/wp-content\/uploads\/2026\/05\/Hockey-300x169.webp 300w, https:\/\/ostamand.dectim.ca\/tp2\/piafs\/wp-content\/uploads\/2026\/05\/Hockey-768x432.webp 768w, https:\/\/ostamand.dectim.ca\/tp2\/piafs\/wp-content\/uploads\/2026\/05\/Hockey-1536x864.webp 1536w, https:\/\/ostamand.dectim.ca\/tp2\/piafs\/wp-content\/uploads\/2026\/05\/Hockey-500x281.webp 500w, https:\/\/ostamand.dectim.ca\/tp2\/piafs\/wp-content\/uploads\/2026\/05\/Hockey-800x450.webp 800w, https:\/\/ostamand.dectim.ca\/tp2\/piafs\/wp-content\/uploads\/2026\/05\/Hockey-1280x720.webp 1280w, https:\/\/ostamand.dectim.ca\/tp2\/piafs\/wp-content\/uploads\/2026\/05\/Hockey.webp 1920w\" sizes=\"(max-width: 1024px) 100vw, 1024px\" \/><span aria-hidden=\"true\" class=\"wp-block-cover__background has-background-dim\" style=\"background-color:#060809\"><\/span><div class=\"wp-block-cover__inner-container is-layout-constrained wp-block-cover-is-layout-constrained\">\n<h2 class=\"wp-block-heading has-text-align-center animated fadeInDown has-text-color has-link-color wp-elements-558b7f6782d61dae03e548b81dbfe304\" style=\"color:#79c75d\">Notre Portfolio<\/h2>\n<\/div><\/div>\n\n\n\n<div class=\"wp-block-cover alignfull ticss-40159cfe\" style=\"padding-right:0;padding-left:0;min-height:1930px;aspect-ratio:unset;\"><span aria-hidden=\"true\" class=\"wp-block-cover__background has-black-background-color has-background-dim-100 has-background-dim\"><\/span><div class=\"wp-block-cover__inner-container is-layout-constrained wp-container-core-cover-is-layout-7db9d80f wp-block-cover-is-layout-constrained\">\n<div class=\"wp-block-group ticss-7e4137d2 has-ast-global-color-8-background-color has-background is-layout-constrained wp-container-core-group-is-layout-fd821a17 wp-block-group-is-layout-constrained\" style=\"padding-top:var(--wp--preset--spacing--80);padding-right:0;padding-bottom:var(--wp--preset--spacing--80);padding-left:0\">\n<div class=\"wp-block-group is-vertical is-content-justification-center is-layout-flex wp-container-core-group-is-layout-75fe8b0e wp-block-group-is-layout-flex\" style=\"padding-right:0;padding-left:0\">\n<h2 class=\"wp-block-heading has-text-align-center animated zoomIn has-text-color has-link-color wp-elements-7e729240f5d8dcdfeb64414cdedd34c0\" style=\"color:#93c85e\">Projet de montage video<\/h2>\n\n\n\n<div class=\"wp-block-columns is-layout-flex wp-container-core-columns-is-layout-8908fbea wp-block-columns-is-layout-flex\" style=\"margin-top:0;margin-bottom:0;padding-top:0;padding-right:0;padding-bottom:0;padding-left:0\">\n<div class=\"wp-block-column is-layout-flow wp-block-column-is-layout-flow\" style=\"flex-basis:50%\">\n<div class=\"wp-block-cover alignwide animated backInLeft\" style=\"min-height:670px;aspect-ratio:unset;\"><img decoding=\"async\" width=\"693\" height=\"402\" class=\"wp-block-cover__image-background wp-image-568 size-full\" alt=\"\" src=\"https:\/\/ostamand.dectim.ca\/tp2\/piafs\/wp-content\/uploads\/2026\/03\/Capture-decran-2026-02-26-140434.png\" data-object-fit=\"cover\" srcset=\"https:\/\/ostamand.dectim.ca\/tp2\/piafs\/wp-content\/uploads\/2026\/03\/Capture-decran-2026-02-26-140434.png 693w, https:\/\/ostamand.dectim.ca\/tp2\/piafs\/wp-content\/uploads\/2026\/03\/Capture-decran-2026-02-26-140434-300x174.png 300w, https:\/\/ostamand.dectim.ca\/tp2\/piafs\/wp-content\/uploads\/2026\/03\/Capture-decran-2026-02-26-140434-500x290.png 500w\" sizes=\"(max-width: 693px) 100vw, 693px\" \/><span aria-hidden=\"true\" class=\"wp-block-cover__background has-ast-global-color-8-background-color has-background-dim-70 has-background-dim\"><\/span><div class=\"wp-block-cover__inner-container is-layout-flow wp-block-cover-is-layout-flow\">\n<div class=\"wp-block-group is-content-justification-left is-layout-constrained wp-container-core-group-is-layout-2f21ba8c wp-block-group-is-layout-constrained\">\n<h3 class=\"wp-block-heading animated flipInX delay-200ms has-text-color has-link-color has-large-font-size wp-elements-8ca179d3c54af917ee55760d389b38b0\" style=\"color:#93c85e\"><strong>Jeux de Combat<\/strong><\/h3>\n\n\n\n<p class=\"animated fadeInDown o-anim-custom-delay undefined undefined o-anim-value-delay-0.3s\"><a href=\"https:\/\/ostamand.dectim.ca\/tp2\/piafs\/membre-1\/\">Olivier St-Amand<\/a><\/p>\n\n\n\n<p class=\"animated fadeInDown delay-500ms\">Une rel\u00e8ve de \u00e9cran vert o\u00f9 on entre dans le monde de \u00ab\u00a0Street Fighter\u00a0\u00bb<\/p>\n\n\n\n<div class=\"wp-block-buttons is-content-justification-left is-layout-flex wp-container-core-buttons-is-layout-fc4fd283 wp-block-buttons-is-layout-flex\">\n<div class=\"wp-block-button animated fadeInDown delay-1s\"><a class=\"wp-block-button__link has-text-align-center wp-element-button\" href=\"https:\/\/ostamand.dectim.ca\/tp2\/piafs\/portfolio-1\/\">VOIR PLUS<\/a><\/div>\n<\/div>\n<\/div>\n<\/div><\/div>\n<\/div>\n\n\n\n<div class=\"wp-block-column is-layout-flow wp-block-column-is-layout-flow\" style=\"flex-basis:50%\">\n<div class=\"wp-block-cover alignwide animated backInRight\" style=\"min-height:670px;aspect-ratio:unset;\"><img decoding=\"async\" width=\"1024\" height=\"535\" class=\"wp-block-cover__image-background wp-image-1071 size-large\" alt=\"\" src=\"https:\/\/ostamand.dectim.ca\/tp2\/piafs\/wp-content\/uploads\/2026\/02\/Capture-decran-2026-04-26-095210-1024x535.png\" data-object-fit=\"cover\" srcset=\"https:\/\/ostamand.dectim.ca\/tp2\/piafs\/wp-content\/uploads\/2026\/02\/Capture-decran-2026-04-26-095210-1024x535.png 1024w, https:\/\/ostamand.dectim.ca\/tp2\/piafs\/wp-content\/uploads\/2026\/02\/Capture-decran-2026-04-26-095210-300x157.png 300w, https:\/\/ostamand.dectim.ca\/tp2\/piafs\/wp-content\/uploads\/2026\/02\/Capture-decran-2026-04-26-095210-768x402.png 768w, https:\/\/ostamand.dectim.ca\/tp2\/piafs\/wp-content\/uploads\/2026\/02\/Capture-decran-2026-04-26-095210-1536x803.png 1536w, https:\/\/ostamand.dectim.ca\/tp2\/piafs\/wp-content\/uploads\/2026\/02\/Capture-decran-2026-04-26-095210-500x261.png 500w, https:\/\/ostamand.dectim.ca\/tp2\/piafs\/wp-content\/uploads\/2026\/02\/Capture-decran-2026-04-26-095210-800x418.png 800w, https:\/\/ostamand.dectim.ca\/tp2\/piafs\/wp-content\/uploads\/2026\/02\/Capture-decran-2026-04-26-095210-1280x669.png 1280w, https:\/\/ostamand.dectim.ca\/tp2\/piafs\/wp-content\/uploads\/2026\/02\/Capture-decran-2026-04-26-095210.png 1903w\" sizes=\"(max-width: 1024px) 100vw, 1024px\" \/><span aria-hidden=\"true\" class=\"wp-block-cover__background has-ast-global-color-8-background-color has-background-dim-70 has-background-dim\"><\/span><div class=\"wp-block-cover__inner-container is-layout-flow wp-block-cover-is-layout-flow\">\n<div class=\"wp-block-group is-content-justification-left is-layout-constrained wp-container-core-group-is-layout-2f21ba8c wp-block-group-is-layout-constrained\">\n<h3 class=\"wp-block-heading animated flipInX delay-200ms has-text-color has-link-color has-large-font-size wp-elements-ffd077f97c9aa4f8843ee487a09c1d70\" style=\"color:#93c85e\"><strong>Bande d&rsquo;annonce Virage Extr\u00eame<\/strong><\/h3>\n\n\n\n<p class=\"animated fadeInDown o-anim-custom-delay undefined o-anim-value-delay-0.3s\"><a href=\"https:\/\/ostamand.dectim.ca\/tp2\/piafs\/membre-2\/\" data-type=\"post\" data-id=\"22\">Alexia-Daniela Bocioaca<\/a><\/p>\n\n\n\n<p class=\"animated fadeInDown delay-500ms\">Annonce commerciale de Virage Extr\u00eame<\/p>\n\n\n\n<div class=\"wp-block-buttons is-content-justification-left is-layout-flex wp-container-core-buttons-is-layout-fc4fd283 wp-block-buttons-is-layout-flex\">\n<div class=\"wp-block-button animated fadeInDown delay-1s\"><a class=\"wp-block-button__link has-text-align-center wp-element-button\" href=\"https:\/\/ostamand.dectim.ca\/tp2\/piafs\/portfolio-2\/\">VOIR PLUS<\/a><\/div>\n<\/div>\n<\/div>\n<\/div><\/div>\n<\/div>\n<\/div>\n\n\n\n<h2 class=\"wp-block-heading has-text-align-center animated zoomIn has-text-color has-link-color wp-elements-7fa81351460a007e9f9ee02509ca5341\" style=\"color:#93c85e\">Production 3D<\/h2>\n\n\n\n<div class=\"wp-block-columns is-layout-flex wp-container-core-columns-is-layout-8908fbea wp-block-columns-is-layout-flex\" style=\"margin-top:0;margin-bottom:0;padding-top:0;padding-right:0;padding-bottom:0;padding-left:0\">\n<div class=\"wp-block-column is-layout-flow wp-block-column-is-layout-flow\" style=\"flex-basis:50%\">\n<div class=\"wp-block-cover alignwide animated backInLeft\" style=\"min-height:670px;aspect-ratio:unset;\"><img loading=\"lazy\" decoding=\"async\" width=\"1024\" height=\"550\" class=\"wp-block-cover__image-background wp-image-714 size-large\" alt=\"\" src=\"https:\/\/ostamand.dectim.ca\/tp2\/piafs\/wp-content\/uploads\/2026\/03\/3D_Diner-1024x550.jpg\" data-object-fit=\"cover\" srcset=\"https:\/\/ostamand.dectim.ca\/tp2\/piafs\/wp-content\/uploads\/2026\/03\/3D_Diner-1024x550.jpg 1024w, https:\/\/ostamand.dectim.ca\/tp2\/piafs\/wp-content\/uploads\/2026\/03\/3D_Diner-300x161.jpg 300w, https:\/\/ostamand.dectim.ca\/tp2\/piafs\/wp-content\/uploads\/2026\/03\/3D_Diner-768x412.jpg 768w, https:\/\/ostamand.dectim.ca\/tp2\/piafs\/wp-content\/uploads\/2026\/03\/3D_Diner-1536x825.jpg 1536w, https:\/\/ostamand.dectim.ca\/tp2\/piafs\/wp-content\/uploads\/2026\/03\/3D_Diner-500x269.jpg 500w, https:\/\/ostamand.dectim.ca\/tp2\/piafs\/wp-content\/uploads\/2026\/03\/3D_Diner-800x430.jpg 800w, https:\/\/ostamand.dectim.ca\/tp2\/piafs\/wp-content\/uploads\/2026\/03\/3D_Diner-1280x687.jpg 1280w, https:\/\/ostamand.dectim.ca\/tp2\/piafs\/wp-content\/uploads\/2026\/03\/3D_Diner.jpg 1918w\" sizes=\"(max-width: 1024px) 100vw, 1024px\" \/><span aria-hidden=\"true\" class=\"wp-block-cover__background has-ast-global-color-8-background-color has-background-dim-70 has-background-dim\"><\/span><div class=\"wp-block-cover__inner-container is-layout-flow wp-block-cover-is-layout-flow\">\n<div class=\"wp-block-group is-content-justification-left is-layout-constrained wp-container-core-group-is-layout-2f21ba8c wp-block-group-is-layout-constrained\">\n<h3 class=\"wp-block-heading animated flipInX delay-200ms has-text-color has-link-color has-large-font-size wp-elements-358954bb81a1f01cd811f02594eafebb\" style=\"color:#93c85e\"><strong>Nuit au Diner Retro<\/strong><\/h3>\n\n\n\n<p class=\"animated fadeInDown o-anim-custom-delay undefined o-anim-value-delay-0.3s\"><a href=\"https:\/\/ostamand.dectim.ca\/tp2\/piafs\/membre-2\/\" data-type=\"post\" data-id=\"22\"><\/a><a href=\"https:\/\/ostamand.dectim.ca\/tp2\/piafs\/membre-3\/\" data-type=\"post\" data-id=\"22\">Fr\u00e9d\u00e9ric Bilodeau<\/a><\/p>\n\n\n\n<p class=\"animated fadeInDown delay-500ms\">Une simple animation\/model d&rsquo;un diner retro.<\/p>\n\n\n\n<div class=\"wp-block-buttons is-content-justification-left is-layout-flex wp-container-core-buttons-is-layout-fc4fd283 wp-block-buttons-is-layout-flex\">\n<div class=\"wp-block-button animated fadeInDown delay-1s\"><a class=\"wp-block-button__link has-text-align-center wp-element-button\" href=\"https:\/\/ostamand.dectim.ca\/tp2\/piafs\/portfolio-3\/\">VOIR PLUS<\/a><\/div>\n<\/div>\n<\/div>\n<\/div><\/div>\n<\/div>\n\n\n\n<div class=\"wp-block-column is-layout-flow wp-block-column-is-layout-flow\" style=\"flex-basis:50%\">\n<div class=\"wp-block-cover alignwide animated backInRight\" style=\"min-height:670px;aspect-ratio:unset;\"><img loading=\"lazy\" decoding=\"async\" width=\"1379\" height=\"772\" class=\"wp-block-cover__image-background wp-image-1290 size-full\" alt=\"\" src=\"https:\/\/ostamand.dectim.ca\/tp2\/piafs\/wp-content\/uploads\/2026\/04\/Capture-decran-2026-04-28-084645.png\" data-object-fit=\"cover\" srcset=\"https:\/\/ostamand.dectim.ca\/tp2\/piafs\/wp-content\/uploads\/2026\/04\/Capture-decran-2026-04-28-084645.png 1379w, https:\/\/ostamand.dectim.ca\/tp2\/piafs\/wp-content\/uploads\/2026\/04\/Capture-decran-2026-04-28-084645-300x168.png 300w, https:\/\/ostamand.dectim.ca\/tp2\/piafs\/wp-content\/uploads\/2026\/04\/Capture-decran-2026-04-28-084645-1024x573.png 1024w, https:\/\/ostamand.dectim.ca\/tp2\/piafs\/wp-content\/uploads\/2026\/04\/Capture-decran-2026-04-28-084645-768x430.png 768w, https:\/\/ostamand.dectim.ca\/tp2\/piafs\/wp-content\/uploads\/2026\/04\/Capture-decran-2026-04-28-084645-500x280.png 500w, https:\/\/ostamand.dectim.ca\/tp2\/piafs\/wp-content\/uploads\/2026\/04\/Capture-decran-2026-04-28-084645-800x448.png 800w, https:\/\/ostamand.dectim.ca\/tp2\/piafs\/wp-content\/uploads\/2026\/04\/Capture-decran-2026-04-28-084645-1280x717.png 1280w\" sizes=\"(max-width: 1379px) 100vw, 1379px\" \/><span aria-hidden=\"true\" class=\"wp-block-cover__background has-ast-global-color-8-background-color has-background-dim-70 has-background-dim\"><\/span><div class=\"wp-block-cover__inner-container is-layout-flow wp-block-cover-is-layout-flow\">\n<div class=\"wp-block-group is-content-justification-left is-layout-constrained wp-container-core-group-is-layout-2f21ba8c wp-block-group-is-layout-constrained\">\n<h3 class=\"wp-block-heading animated flipInX delay-200ms has-text-color has-link-color has-large-font-size wp-elements-e67609dcd99eba4e1cdcf1236d3469b8\" style=\"color:#93c85e\"><strong>Le Vrai Robot<\/strong><\/h3>\n\n\n\n<p class=\"animated fadeInDown o-anim-custom-delay undefined o-anim-value-delay-0.3s\"><a href=\"https:\/\/ostamand.dectim.ca\/tp2\/piafs\/membre-3\/\" data-type=\"post\" data-id=\"22\">Fr\u00e9d\u00e9ric Bilodeau<\/a><\/p>\n\n\n\n<p class=\"animated fadeInDown delay-500ms\">Une animation o\u00f9 un robot marche \u00e0 travers d&rsquo;une sc\u00e8ne film\u00e9e<\/p>\n\n\n\n<div class=\"wp-block-buttons is-content-justification-left is-layout-flex wp-container-core-buttons-is-layout-fc4fd283 wp-block-buttons-is-layout-flex\">\n<div class=\"wp-block-button animated fadeInDown delay-1s\"><a class=\"wp-block-button__link has-text-align-center wp-element-button\" href=\"https:\/\/ostamand.dectim.ca\/tp2\/piafs\/portfolio-4\/\">VOIR PLUS<\/a><\/div>\n<\/div>\n<\/div>\n<\/div><\/div>\n<\/div>\n<\/div>\n<\/div>\n<\/div>\n<\/div><\/div>\n","protected":false},"excerpt":{"rendered":"","protected":false},"author":3,"featured_media":0,"parent":0,"menu_order":0,"comment_status":"closed","ping_status":"closed","template":"","meta":{"_acf_changed":false,"site-sidebar-layout":"default","site-content-layout":"","ast-site-content-layout":"default","site-content-style":"default","site-sidebar-style":"default","ast-global-header-display":"","ast-banner-title-visibility":"","ast-main-header-display":"","ast-hfb-above-header-display":"","ast-hfb-below-header-display":"","ast-hfb-mobile-header-display":"","site-post-title":"disabled","ast-breadcrumbs-content":"","ast-featured-img":"","footer-sml-layout":"","ast-disable-related-posts":"","theme-transparent-header-meta":"","adv-header-id-meta":"","stick-header-meta":"","header-above-stick-meta":"","header-main-stick-meta":"","header-below-stick-meta":"","astra-migrate-meta-layouts":"default","ast-page-background-enabled":"default","ast-page-background-meta":{"desktop":{"background-color":"var(--ast-global-color-5)","background-image":"","background-repeat":"repeat","background-position":"center center","background-size":"auto","background-attachment":"scroll","background-type":"","background-media":"","overlay-type":"","overlay-color":"","overlay-opacity":"","overlay-gradient":""},"tablet":{"background-color":"","background-image":"","background-repeat":"repeat","background-position":"center center","background-size":"auto","background-attachment":"scroll","background-type":"","background-media":"","overlay-type":"","overlay-color":"","overlay-opacity":"","overlay-gradient":""},"mobile":{"background-color":"","background-image":"","background-repeat":"repeat","background-position":"center center","background-size":"auto","background-attachment":"scroll","background-type":"","background-media":"","overlay-type":"","overlay-color":"","overlay-opacity":"","overlay-gradient":""}},"ast-content-background-meta":{"desktop":{"background-color":"var(--ast-global-color-4)","background-image":"","background-repeat":"repeat","background-position":"center center","background-size":"auto","background-attachment":"scroll","background-type":"","background-media":"","overlay-type":"","overlay-color":"","overlay-opacity":"","overlay-gradient":""},"tablet":{"background-color":"var(--ast-global-color-4)","background-image":"","background-repeat":"repeat","background-position":"center center","background-size":"auto","background-attachment":"scroll","background-type":"","background-media":"","overlay-type":"","overlay-color":"","overlay-opacity":"","overlay-gradient":""},"mobile":{"background-color":"var(--ast-global-color-4)","background-image":"","background-repeat":"repeat","background-position":"center center","background-size":"auto","background-attachment":"scroll","background-type":"","background-media":"","overlay-type":"","overlay-color":"","overlay-opacity":"","overlay-gradient":""}},"_themeisle_gutenberg_block_has_review":false,"footnotes":""},"class_list":["post-39","page","type-page","status-publish","hentry"],"acf":[],"_links":{"self":[{"href":"https:\/\/ostamand.dectim.ca\/tp2\/piafs\/wp-json\/wp\/v2\/pages\/39","targetHints":{"allow":["GET"]}}],"collection":[{"href":"https:\/\/ostamand.dectim.ca\/tp2\/piafs\/wp-json\/wp\/v2\/pages"}],"about":[{"href":"https:\/\/ostamand.dectim.ca\/tp2\/piafs\/wp-json\/wp\/v2\/types\/page"}],"author":[{"embeddable":true,"href":"https:\/\/ostamand.dectim.ca\/tp2\/piafs\/wp-json\/wp\/v2\/users\/3"}],"replies":[{"embeddable":true,"href":"https:\/\/ostamand.dectim.ca\/tp2\/piafs\/wp-json\/wp\/v2\/comments?post=39"}],"version-history":[{"count":74,"href":"https:\/\/ostamand.dectim.ca\/tp2\/piafs\/wp-json\/wp\/v2\/pages\/39\/revisions"}],"predecessor-version":[{"id":1734,"href":"https:\/\/ostamand.dectim.ca\/tp2\/piafs\/wp-json\/wp\/v2\/pages\/39\/revisions\/1734"}],"wp:attachment":[{"href":"https:\/\/ostamand.dectim.ca\/tp2\/piafs\/wp-json\/wp\/v2\/media?parent=39"}],"curies":[{"name":"wp","href":"https:\/\/api.w.org\/{rel}","templated":true}]}}